alse
Suppose 5*w - 12 = 4*w. Is w*(0 - 9/(-6)) a multiple of 6?
True
Suppose -3*f + 2*f + 5 = 0. Suppose -f*i = -12 + 2. Suppose -i*w = 1 - 15. Is w a multiple of 7?
True
Suppose 144 = 4*o - 5*w - 383, -3*w = 5*o - 668. Is o a multiple of 19?
True
Suppose -331 - 516 = -7*i. Is i a multiple of 17?
False
Let r = -5 - -9. Suppose 30 = r*d - 5*n, -60 = d - 6*d - 5*n. Is d a multiple of 10?
True
Let q be (-4)/(-14) - 198/(-42). Suppose -q*r + 24 = -b, 4*b - 3*r - r + 16 = 0. Is (10 - b)/(0 + 1) a multiple of 9?
True
Suppose 0*z + 9 = -3*z. Let o(p) = -10*p - 6. Does 8 divide o(z)?
True
Let p = 9 - 5. Is (p - -2)*(-5)/(-2) a multiple of 8?
False
Let b(r) = 6*r - 34. Is b(11) a multiple of 8?
True
Suppose 0 = 3*z - 0 - 9. Suppose -40 = -z*k + k. Is 11 a factor of k?
False
Suppose -2*v - 7 - 9 = 0. Let u(t) = 7*t + 8. Let f be u(v). Let g = -29 - f. Is g a multiple of 8?
False
Let a = 261 - 51. Does 14 divide a?
True
Let t(b) = 3*b. Let c be t(1). Suppose -2*g - c*z - 6 = 0, 3*g - 5*g - z - 2 = 0. Suppose g = -4*o + 14 + 54. Is o a multiple of 12?
False
Let y = 206 + -101. Is y a multiple of 4?
False
Let s = 0 + 1. Let n be 49 - 0/(2 - s). Suppose u - n = -11. Is 14 a factor of u?
False
Let p be -2 + 26*2/4. Suppose p = t - 2*n, -2*n = 1 + 5. Is 4 a factor of t?
False
Let q(r) = -3*r**2 - 2*r + 121. Is 9 a factor of q(0)?
False
Let d(o) = o**3 - 3*o**2 - 5*o - 2. Suppose 14 = 3*z + q, 17 = 2*z + z - 2*q. Is 7 a factor of d(z)?
False
Let k = -10 - -6. Let r = k - -8. Suppose 0 = -r*b + 9*b - 30. Does 5 divide b?
False
Let l(x) = x - 10. Let r be l(9). Does 7 divide 11/r*(5 + -6)?
False
Is 10 a factor of (8/(-4))/(-2)*24?
False
Let h(r) = r**3 - 3*r**2 - 4*r + 2. Let l(g) be the second derivative of g**4/4 - g**3/6 - 2*g. Let f be l(-1). Is h(f) even?
True
Is (-1252)/(-26) - (-20)/(-130) a multiple of 24?
True
Let o(w) = -w**2 + 3*w**2 - 3*w - w**3 + 5*w**2 - 1. Suppose 3*i - 9 = 3. Is o(i) a multiple of 15?
False
Suppose 0 = 14*g - 818 - 92. Is g a multiple of 13?
True
Let p = -114 + 164. Is 2*p*4/16 a multiple of 10?
False
Let a = 16 - -5. Is a a multiple of 12?
False
Let a(d) = 6*d. Is 7 a factor of a(6)?
False
Let m(q) = q**2 + q + 2. Let c be m(-2). Let n = c - 2. Is 3 a factor of 4 + (-2)/n*-1?
False
Suppose -4*o - 2*l - l = -241, 4*l - 240 = -4*o. Does 9 divide o?
False
Let w(a) = -a**2 - 2*a + 1. Let v be w(-2). Suppose 2*g - v = 13. Suppose -m - m + 8 = 4*i, i + g = m. Is 6 a factor of m?
True
Let n(t) = t**2 - 10*t - 14. Let i be n(12). Let w = i + 6. Is 14 a factor of w?
False
Let k be (-3192)/(-18)*(-6)/(-4). Let f be k/63 - 4/18. Suppose 8*c - 176 = f*c. Is c a multiple of 12?
False
Suppose -4*f + 2*o = -8*f - 46, 4*o + 38 = -2*f. Let m be 63/12*(-24)/f. Suppose 3*r + 8*g - m = 4*g, 0 = -5*r - 5*g + 30. Does 7 divide r?
False
Let p be 2/8 - (-526)/8. Suppose 2*d - p - 30 = 0. Is 16 a factor of d?
True
Let d(o) be the second derivative of -o**5/20 + 5*o**4/12 - o**3/3 + 3*o**2/2 + 4*o. Does 3 divide d(4)?
False
Suppose -2*b = -0*b + k + 12, 3*k + 16 = -b. Let o be 1 + -2*130/b. Suppose -6*y + y + o = 3*m, 0 = -y + 3*m + 24. Does 15 divide y?
True
Suppose 3 = -2*i - 19. Let s = i + 40. Is 13 a factor of s?
False
Let x(d) = 33*d - 49. Does 18 divide x(9)?
False
Let r be 1/2*2 + 1. Let q be (r/(-3))/((-2)/12). Suppose 97 = q*l + 3*c, 2*l + 3*c - 2*c - 47 = 0. Is 11 a factor of l?
True
Suppose 6*o = 5*o + 414. Does 14 divide o?
False
Let v(b) = 38*b + 4. Let l(o) = 1. Let z(p) = 5*l(p) - v(p). Suppose 1 = -2*u + n, 0 = -5*u + 3*n - 0 - 2. Is z(u) a multiple of 13?
True
Let v be (20/(-8))/((-1)/(-10)). Let f = 39 + v. Suppose n = -n + f. Is 4 a factor of n?
False
Suppose -3*s - 2*s + 130 = 0. Suppose 2*r - 94 = s. Is r a multiple of 13?
False
Let u(i) = 2*i**2 + 2*i + 2. Let d be 230/55 - (-4)/(-22). Let m be u(d). Let k = -30 + m. Is 6 a factor of k?
True
Suppose 5*k = -25, 2*p + k - 241 = -p. Does 24 divide p?
False
Let c(j) = 8*j - 6. Let s(f) = f**2 + 3*f. Let g be s(-4). Is 26 a factor of c(g)?
True
Let b(t) = -t**3 - 7*t**2 - 10*t - 7. Does 6 divide b(-6)?
False
Suppose 0 = -4*c + 37 + 123. Does 9 divide c?
False
Let w be 4/(-14) + 33/(-7). Is 8 a factor of -6 - w - (-21)/1?
False
Let v(n) be the first derivative of n**3/3 - 2*n**2 - 3*n + 1. Suppose 4*o + 4*f + f - 44 = 0, -26 = -5*o + f. Is 9 a factor of v(o)?
True
Let b = 67 - -27. Is 25 a factor of b?
False
Let i(x) = -x**3 - 6*x**2 - 5*x + 2. Let f be i(-5). Let p = f - -10. Suppose 5*r + p = 52. Does 8 divide r?
True
Let x be (-2)/(-5) + 404/(-10). Let d = 20 - x. Let p = d + -43. Is 6 a factor of p?
False
Suppose -7*m = -3*m - 1056. Does 33 divide m?
True
Let r(w) = -2*w + 3. Let m be r(16). Let y = m - -57. Is 14 a factor of y?
True
Let g(u) = u**3 - 4*u**2 - u. Let r be g(3). Let o(f) = -f**2 - 14*f - 13. Does 3 divide o(r)?
False
Suppose 195 = 5*w + 2*d, -2*w + d + 129 - 51 = 0. Let n = -4 + w. Is n a multiple of 12?
False
Let h(j) = -j**2 - 7*j + 3. Let c be h(-7). Does 8 divide (c*15)/3 + 0?
False
Suppose -8 = -4*b, 0*b + 6 = 2*k + 3*b. Suppose k*x - 2*x = -40. Is 8 a factor of x?
False
Let i = 419 + -185. Does 39 divide i?
True
Suppose -2*m - 20 = 4*f, -2*f + 5 = 2*m + 21. Let n = 7 + m. Is 18 a factor of (n - -53)/((-24)/(-16))?
True
Suppose 3*z + 0*z = 9, 5*a - 21 = -2*z. Suppose -5*v = -a*d + 109, 4*d + 19 = -v + 126. Does 13 divide d?
False
Let u be (-1)/((-1)/((-6)/(-1))). Let n = 22 + 4. Let v = u + n. Does 12 divide v?
False
Let l(n) = -n**3 - 5*n**2 + n - 4. Suppose 2*i = 3*i. Suppose y = z - 11, i*y = 2*y - 4*z + 32. Does 13 divide l(y)?
True
Suppose 0 = 3*l + 13 + 2. Let v = -9 + 12. Does 12 divide (-119)/l - v/(-15)?
True
Let h(t) = t**2 - 9*t + 3. Let b be h(10). Let g be (2/4)/((-2)/4). Let m = b + g. Does 7 divide m?
False
Is 13 a factor of (3/9)/(1/117)?
True
Let q = -10 + 6. Suppose -5*b = -z - z - 126, -4*b - 3*z + 87 = 0. Let v = q + b. Does 20 divide v?
True
Let d = -6 + -4. Let h(b) = -7*b**2 - 13*b - 7. Let x(t) = 3*t**2 + 7*t + 3. Let y(q) = 2*h(q) + 5*x(q). Does 11 divide y(d)?
True
Is (-286)/(-10) - 15/25 a multiple of 28?
True
Suppose -121 = -2*t + 335. Does 12 divide t?
True
Suppose -2*w = 3*a - 60, -w - 3*a - 10 = -46. Is 19 a factor of w?
False
Suppose 4*g - 153 + 441 = 0. Let r = 104 + g. Let b = 50 - r. Is 13 a factor of b?
False
Suppose 5*b + 25 = -0*b. Let z = b - -11. Suppose i = -i + z. Is i a multiple of 2?
False
Let w be -1*75/3 + 0. Let b = 15 - w. Is 18 a factor of b?
False
Let h(p) be the first derivative of 13*p**2/2 - 9*p - 8. Is 23 a factor of h(6)?
True
Suppose -4*j + 20 = 0, -d - 4*d = 3*j - 225. Suppose 5*u = -2*l + 2 + d, -5*u = -2*l - 56. Does 8 divide 82/u + 1/(-5)?
True
Let f(q) = q**2 + 2*q. Let s be f(-2). Suppose 3*z = -s*z. Suppose u - 2*u + 5 = z. Does 4 divide u?
False
Let h(c) = -c**3 + c**2 - 3*c - 3. Let m be h(3). Is 19 a factor of ((-20)/m)/(2/114)?
True
Let m = -133 - -160. Is 5 a factor of m?
False
Let t = -24 + 44. Suppose t = 3*r - 4. Suppose 30 = 5*i + 3*y, 2*y + r + 2 = 0. Is i a multiple of 3?
True
Suppose -2*n - 64 + 8 = 0. Let d = -17 - n. Is 3 a factor of d?
False
Let y(q) = -11*q**2 - 7*q + 0*q - 7*q + 6 - q**3. Let l be y(-10). Let h = l + -33. Does 7 divide h?
False
Let t(s) = -2*s. Let o(z) = 1. Let u(g) = -4*o(g) + t(g). Suppose 4*q - 2*q + 10 = 0. Is 4 a factor of u(q)?
False
Let k(a) = -a**3 - 7*a**2 + 4*a - 2. Is 31 a factor of k(-9)?
True
Let m(c) = c**3 + 2*c**2 + c - 3. Let v = 4 + 1. Let r be m(v). Suppose x - w - 37 = 0, -4*x - 3*w - r = -9*x. Does 13 divide x?
False
Suppose -3*o + 3 = -4*b - 11, -2 = -2*o - b. Let i = o + -1. Suppose -y + i + 4 = 0. Does 3 divide y?
False
Suppose 0 = 4*f + 2*c - 18, 0 = -f - 2*f - 4*c + 11. Let s = 35 - f. Is 15 a factor of s?
True
Let f = 14 - 7. Let t = -7 + f. Suppose t = -5*r - 0*r + 240. Is r a multiple of 24?
True
Let z = -27 - -39. Suppose -z - 153 = -3*k. Is k a multiple of 11?
True
Let l(m) = -m - 2. Let j be l(-7). Suppose 3*s + j*u - 35 = 88, 2*s - 2*u - 98 = 0. Is s a multiple of 23?
True
Suppose 6*w - 12 = 3*w. Suppose -4*m - 19 = -3*d, -14 - 3 = -d - w*m. Does 6 divide d?
False
Suppose 4*l = -0*l + 184. Suppose 6*d = 3*d + q + l, -56 = -3*d - 4*q. Is 13 a factor of d?
False
Suppose -384 = -5*w + 2*p, 3*p = -4*w + 400 - 79. Does 17 divide w?
Fa